23 + 14*q + 7*q - 22*q. Give c(l).
-5
Let c(s) = -s**3 - 5*s**2 + 9*s + 1. Let z(t) = 4*t**3 + 20*t**2 - 37*t - 4. Let f(q) = 9*c(q) + 2*z(q). Let k be ((-9)/5)/((-1131)/(-3770)). Give f(k).
-5
Let i(s) = -2*s**3 - 20*s**2 + 10*s + 142. Let f(n) = 2*n**3 + 19*n**2 - 12*n - 114. Let b(p) = -3*f(p) - 2*i(p). Determine b(-9).
-5
Let b(m) = -2*m**2 - 24*m - 4. Let t be b(-12). Let s = -64 + 66. Let q(h) = -4*h - 46*h**2 + 24*h**s - 1 + 20*h**2. Determine q(t).
-17
Let h(y) = -2 - 6*y + 1 + 4. Let u = 21530 - 21527. Give h(u).
-15
Let x(q) = 20. Let h(n) = 3. Let k(i) = -15*h(i) + 2*x(i). Let f(w) = w + 6. Suppose 39*u + 40 = 29*u. Let a(v) = u*f(v) - 5*k(v). What is a(-3)?
13
Let t(o) = 2872915 - 285*o - 2872919 + 282*o. Let x be ((-2)/(-1))/(2 + -3). Let r be x/(4/6)*2. Give t(r).
14
Let w = 35 + -29. Let b(h) = h**3 - 6*h**2 + 2*h - 6. Let p be b(w). Let r(m) be the second derivative of -m**5/20 + m**4/2 + m**2/2 + 3*m + 11. What is r(p)?
1
Let k be -6 - (1 + 0)/(-1). Let i = -823 + 847. Let w(g) = 8*g - i*g**3 - 1 - 26*g**3 - 24*g**3 - 3*g**2 + 73*g**3 + 5. What is w(k)?
14
Suppose -1 = t - 4*n - 17, -5*t = n - 143. Let q(v) = t - 76*v**2 + 75*v**2 - 19*v + 6*v. Let g be q(-15). Let a(b) = b**2. Give a(g).
4
Suppose 2*w + 9 = w + 3*v, -v = -w + 1. Let x(z) = -w + 16 - 11. Let r(y) = y. Let p(t) = r(t) + 3*x(t). Determine p(6).
3
Let p(g) = -3*g**3 + 90 + 46*g**2 + 2*g**3 + 75*g + 5*g + 14*g. What is p(48)?
-6
Let r(m) be the second derivative of -1/8*m**4 + m + 0 + 0*m**2 + 1/60*m**5 - 1/2*m**3. Let p(b) be the second derivative of r(b). Determine p(4).
5
Let o(h) be the third derivative of -h**5/60 + h**4/24 - h**3/6 - 4*h**2. Let b = 79 - 46. Let u = 36 - b. What is o(u)?
-7
Let n(d) = -13*d - 83. Let h(z) = -4*z - 31. Let r(q) = -11*h(q) + 4*n(q). What is r(0)?
9
Let k(j) = -4*j**2 - 17*j + 1. Let h be k(-5). Let t(u) = 16*u**2 + 86*u + 84. Let g(w) = 3*w**2 + 17*w + 17. Let p(v) = 11*g(v) - 2*t(v). What is p(h)?
5
Let g(l) = l**3 + 5*l**2 - l + 3. Let v = -24526 - -24526. Determine g(v).
3
Let x(r) = 3*r - 3 + 4 + 116*r**2 - 114*r**2. Give x(-5).
36
Let c(a) be the second derivative of -a**3/6 + 2*a**2 + 57*a - 1. Suppose 2*b = -3*j - 12, 9 = j + 5*b - 0*b. Let l = j + 6. What is c(l)?
4
Let v(l) = -4*l + 25. Let h be v(6). Let u(f) = 6*f - 2. Let q be u(h). Let z be -7 - q/(-4)*-1 - 0. Let s(r) = r**2 + 11*r + 10. Calculate s(z).
-14
Let y(j) = -2*j**2 - 12*j - 18. Let m be (8/32)/(35/(-280)). Calculate y(m).
-2
Suppose -9*o - 55 = 62. Let b(z) = 0*z**2 - 3 + z**2 + 13*z - 6 + 8. Calculate b(o).
-1
Suppose -45*s + 152*s = -749. Let w(j) = -2*j - 10. Calculate w(s).
4
Let s(w) = 45*w**2 - 13*w**3 - 19 + 3*w + 8 - 43*w**2 + 8 + 12*w**3. Give s(-4).
81
Let r(u) be the third derivative of u**8/20160 - u**7/630 + u**6/72 + u**5/30 + 7*u**4/24 + 3*u**2 - 3*u. Let l(x) be the third derivative of r(x). Give l(8).
10
Let l be ((-4)/6)/((-328)/(-24) - 13). Let r(q) = q - 1. Let s(v) = -10*v. Let k(o) = 2*r(o) + s(o). Give k(l).
6
Let h(b) = -16*b**3 + 1. Let q = -16 + 19. Let r(j) = j**q - 16 + 16. Let k(x) = -h(x) - 3*r(x). Give k(-1).
-14
Let k(x) be the third derivative of x**6/120 - 13*x**5/60 + 11*x**4/24 + 5*x**3 - 8119*x**2. Give k(13).
173
Let d(g) = -5*g**2 + 2. Suppose -12 = -5*u - 4*a, -7*u - 5*a = -10*u + 22. Let n(s) = s**3 - 3*s**2 - 2*s - 6. Let b be n(u). Determine d(b).
-18
Let a(b) = 41*b**2 + 2*b - 5. Let g(v) = -116*v**2 - 7*v + 14. Let l(o) = -17*a(o) - 6*g(o). Determine l(10).
-19
Let r(w) = 2*w + 10. Let n(m) be the third derivative of m**4/12 + 11*m**3/6 - 7*m**2. Suppose -53 + 41 = 2*l. Let b(o) = l*r(o) + 5*n(o). Calculate b(-9).
13
Let u(h) = -10*h**2 + 2*h - 1. Suppose -l + 13 = t, -32 = 2*t - 5*t + 4*l. Suppose -18*s + 6*s = -t. Calculate u(s).
-9
Let b(a) = -7*a**3 - 24*a**2 - 8*a - 4. Let k(w) = 5*w**3 + 18*w**2 + 9*w + 3. Let f(d) = -2*b(d) - 3*k(d). Calculate f(-5).
29
Let b(u) = 13. Let w(o) = o + 2. Let q(z) = b(z) + w(z). Give q(3).
18
Suppose 0 = -7*l + 17*l - 1590. Let h = -152 + l. Let w(y) = 4*y + 7 - 4*y - 6*y + y**2. Determine w(h).
14
Let u(j) = -3*j**2 + 31*j + 23. Suppose 634 + 741 = 125*o. What is u(o)?
1
Let q(h) = 4*h + 6. Let a(c) = -8*c**2 - 4*c + 19. Let y be a(9). Let r = 670 + y. What is q(r)?
26
Let h(u) = -u**2 - 4*u + 7. Let c(j) = 2*j**2 + 2*j - 6. Let y be c(3). Let z(s) = 6*s + 2*s - 3*s - 2*s + y. Let w be z(-8). What is h(w)?
-5
Let h(f) = f**2 + 2*f - 1. Let u(y) = 13*y - 30. Let o be u(2). Let s(x) = x**2. Let v(d) = o*s(d) + 3*h(d). Give v(4).
5
Let r(h) = -h**3 + 11*h**2 + 28*h - 39. Suppose 22*y + 17*y = 20*y + 247. What is r(y)?
-13
Let d(l) be the first derivative of 2*l**2 - 11*l - 665. Determine d(5).
9
Let v be 13/(-39) - (-17)/(-3). Let c(j) be the second derivative of j**4/12 + j**3 + j**2/2 + 4*j. Calculate c(v).
1
Let y = -9 - -12. Let o(n) = 2 + 5*n**2 - 8*n + 2 - 3*n**2 - y*n**2. Suppose -15 - 45 = 10*h. Give o(h).
16
Let n(t) = 3*t**3 + 8*t**2 - 2*t - 6. Let h(v) = -7*v**3 - 16*v**2 + 4*v + 11. Let o(c) = -2*h(c) - 5*n(c). Determine o(-6).
-76
Let y = 152 + 42. Let w(g) = 193 - g - 5*g**2 - y + 4*g**3 - 3*g**3. Calculate w(5).
-6
Let a(m) = -5*m**2 + 7*m + 3. Suppose 14*c - 17*c = 2*f - 9, -3*c + 2*f + 21 = 0. Let x(y) = 6*y**2 - 8*y - 2. Let i(q) = c*a(q) + 4*x(q). Determine i(5).
-3
Let b(p) = -20*p**3 + 453*p**2 - 9*p - 178. Let f(u) = -7*u**3 + 160*u**2 - 3*u - 63. Let d(y) = -6*b(y) + 17*f(y). Let i = -9 - -6. Give d(i).
-21
Let f be (414/184)/(1 + (-10)/16). Suppose -s - 2*s + 63 = 0. Suppose 20*x - f = s*x. Let g(m) = m + 1. Determine g(x).
-5
Let o(p) = p**3 - 5*p**2 - 8*p + 3. Let q = 157 - 153. Suppose -4*k + 16 = m, q*m = k - 6*k + 9. What is o(k)?
-37
Let n(p) = -3*p - 12. Let x(w) = 47*w - 508. Let f be x(11). Give n(f).
-39
Let z(n) = n**2 + 163*n - 45. Let t(c) = -2*c**2 - 350*c + 89. Let j(o) = -6*t(o) - 13*z(o). Give j(-21).
9
Let w(i) = -2*i**2 - 13*i - 15. Suppose -4*k - 12 = -4*g, -3*k = -0*k + 4*g + 23. Give w(k).
0
Let c(r) = 4*r**3 - 31*r**2 - 97*r + 106. Let n(k) = k**3 - 8*k**2 - 24*k + 22. Let x(s) = 2*c(s) - 9*n(s). Give x(12).
-10
Let h(x) = -x**2 - 6*x - 6. Suppose 80*u = 81*u - 14. Suppose 0*c = u*c + 84. Determine h(c).
-6
Let g(x) = -x**3 - 5*x**2 - 7*x. Let k be g(-3). Suppose -4 = k*s - 19. Suppose 20 = -2*p - 3*p, 0 = -s*r - 4*p + 14. Let y(u) = -u**2 + 4*u + 4. What is y(r)?
-8
Let j(c) = -c**3 - 5*c**2 + 7*c + 8. Suppose 3*i = 7*i - 4*z + 8, -z = -3*i - 14. Let u be j(i). Let y(t) = 0 + u - t + 0. What is y(-3)?
5
Let j(t) = 2*t - 10 - 4 - 2. Suppose -3*z + 142*p - 137*p - 37 = 0, 2*z - p = 8. What is j(z)?
6
Let d(g) = -g**2 + 5*g - 2. Let l be (-2)/(-3) - (20/(-6))/1. Suppose -6 = 3*w - l*w. Suppose w*p = 3*p + 12. Calculate d(p).
2
Let j be 832/78*(4/(-6))/(56/126). Let h(b) = 3*b + 20. What is h(j)?
-28
Let w(p) = p**3 + 3*p**2 - 2*p - 3. Let v be w(-4). Let q(i) = 10717097*i**2 - 5 - 10717098*i**2 + 10*i - 24*i. Give q(v).
28
Let q(h) = -5*h + 1. Let d(o) = -14*o + 3. Let v = 72 + -76. Let s(z) = v*d(z) + 11*q(z). Let t(n) = n**2 - 2*n + 1. Let p be t(3). Determine s(p).
3
Let o(v) = v**2 - 23*v + 22. Let m be o(22). Let p(h) = -h + 17. Let s be p(m). Let t(w) = -5 + s - 4 - w. What is t(9)?
-1
Let z(c) = -3*c - 7. Let p(s) = 2*s + 5. Let g(h) = -8*p(h) - 5*z(h). What is g(-13)?
8
Let d(q) = -q**3 - 5*q**2 + 8*q - 7. Let o(n) = -n**2 - 65*n - 1063. Let f be o(-33). Determine d(f).
35
Let s(f) = 15*f**3 + 23*f**2 + f - 21. Let b(r) = -7*r**3 - 11*r**2 + 10. Let k(v) = -13*b(v) - 6*s(v). Let o = -383 + 412. Let d = 23 - o. Give k(d).
-4
Suppose 3*w + h = 2*w + 3, 0 = 3*w + 2*h - 5. Let s(l) = -8*l + 1. Let m be s(w). Let n(z) = 12 + 63*z**2 - m*z + 64*z**2 - 126*z**2. What is n(8)?
4
Let b be (-158)/18 - (1144/(-117) + 10). Let c be 60/45 + (-6)/b. Let v(l) = -2 + 0 + 4*l + 1. Calculate v(c).
7
Let n(w) = 5*w + 1. Suppose k = -31 + 49. Suppose -2*s + k = -5*c + 16, -3*s + 3 = c. Calculate n(s).
6
Let j(k) = 6*k**2. Let n(r) = -r**3 - 7*r**2 - 3*r - 19. Let o be n(-7). Suppose 0 = -o*u + 5 - 9. What is j(u)?
24
Let a(c) = 3*c + 88. Let y be a(-27). Let p(z) = 13 + z - y*z + z - 19. Calculate p(5).
-31
Let y(t) = -36*t. Let q(d) = d. Let j be 4/(5 - 64/12). Let c(r) = j*q(r) - y(r). What is c(1)?
24
Let g(w) be the second derivati